1 (base 15) to base 3.
121
Convert 6 (base 16) to base 7.
6
-56 (base 9) to base 13
-3c
Convert 68 (base 11) to base 2.
1001010
Convert 0 (base 15) to base 6.
0
What is 1 (base 13) in base 15?
1
-8 (base 15) to base 11
-8
-24 (base 15) to base 9
-37
-64 (base 12) to base 6
-204
-12 (base 14) to base 11
-15
What is -10011000 (base 2) in base 8?
-230
Convert -1002 (base 3) to base 16.
-1d
What is -4c (base 13) in base 16?
-40
What is -117 (base 10) in base 2?
-1110101
0 (base 14) to base 16
0
What is 6 (base 15) in base 4?
12
Convert 110 (base 8) to base 6.
200
What is 34 (base 13) in base 10?
43
What is -10 (base 3) in base 15?
-3
Convert 15 (base 16) to base 15.
16
Convert -4 (base 14) to base 11.
-4
What is 2c (base 15) in base 10?
42
1 (base 9) to base 15
1
What is 31 (base 6) in base 14?
15
What is -155 (base 7) in base 9?
-108
What is -202 (base 4) in base 10?
-34
-4a (base 13) to base 2
-111110
Convert 11 (base 2) to base 15.
3
Convert -10101 (base 2) to base 5.
-41
What is -31 (base 4) in base 5?
-23
Convert 23 (base 10) to base 14.
19
Convert -120 (base 13) to base 8.
-303
-1000 (base 2) to base 4
-20
23 (base 10) to base 7
32
What is 0 (base 12) in base 7?
0
32 (base 7) to base 14
19
Convert 4 (base 6) to base 5.
4
What is 2 (base 13) in base 14?
2
Convert -250 (base 8) to base 6.
-440
25 (base 6) to base 16
11
Convert 7e (base 16) to base 12.
a6
What is -304 (base 7) in base 8?
-227
What is 51 (base 10) in base 16?
33
What is 9c (base 13) in base 4?
2001
-31 (base 12) to base 5
-122
Convert -1a (base 11) to base 13.
-18
Convert 28 (base 11) to base 5.
110
What is -81 (base 12) in base 13?
-76
Convert 101110 (base 2) to base 14.
34
What is -23 (base 5) in base 2?
-1101
Convert -2 (base 13) to base 5.
-2
-413 (base 5) to base 6
-300
Convert 110 (base 2) to base 13.
6
What is 100 (base 3) in base 4?
21
Convert 48 (base 14) to base 2.
1000000
1100011 (base 2) to base 3
10200
Convert 111 (base 2) to base 5.
12
-17 (base 16) to base 10
-23
7 (base 13) to base 2
111
What is -21 (base 4) in base 7?
-12
Convert 1102 (base 3) to base 4.
212
What is 113 (base 10) in base 13?
89
Convert 3 (base 8) to base 4.
3
Convert 3 (base 15) to base 5.
3
What is 59 (base 14) in base 5?
304
What is -110 (base 4) in base 5?
-40
Convert -11 (base 2) to base 14.
-3
What is 11 (base 5) in base 14?
6
-105 (base 7) to base 13
-42
Convert 14 (base 7) to base 4.
23
Convert -6 (base 7) to base 15.
-6
-1 (base 11) to base 16
-1
1c (base 15) to base 10
27
Convert -19 (base 13) to base 16.
-16
-10101 (base 3) to base 5
-331
What is 35 (base 12) in base 14?
2d
15 (base 6) to base 12
b
Convert -32 (base 4) to base 16.
-e
Convert -65 (base 8) to base 12.
-45
Convert -410 (base 5) to base 13.
-81
Convert 4 (base 15) to base 7.
4
-38 (base 12) to base 5
-134
-21201 (base 3) to base 11
-17a
-2 (base 4) to base 16
-2
What is -23 (base 13) in base 4?
-131
-122 (base 6) to base 7
-101
Convert 10 (base 6) to base 12.
6
Convert -1045 (base 6) to base 10.
-245
What is -2232 (base 5) in base 6?
-1245
0 (base 10) to base 13
0
Convert -1c (base 13) to base 3.
-221
What is -8 (base 14) in base 11?
-8
What is 4 (base 10) in base 13?
4
-5 (base 14) to base 6
-5
Convert 4 (base 11) to base 14.
4
Convert 42 (base 8) to base 9.
37
What is -3 (base 9) in base 6?
-3
What is -2 (base 10) in base 3?
-2
Convert -12 (base 4) to base 2.
-110
Convert -21 (base 5) to base 7.
-14
Convert 3 (base 16) to base 2.
11
What is -11 (base 4) in base 8?
-5
Convert -37 (base 12) to base 8.
-53
-4 (base 13) to base 15
-4
What is 4 (base 15) in base 10?
4
Convert 17 (base 12) to base 10.
19
52 (base 12) to base 4
332
Convert -4 (base 12) to base 9.
-4
What is 6 (base 9) in base 6?
10
Convert -34 (base 15) to base 12.
-41
-27 (base 11) to base 16
-1d
What is 0 (base 9) in base 13?
0
-22 (base 6) to base 2
-1110
What is 0 (base 2) in base 15?
0
Convert 20 (base 13) to base 14.
1c
Convert -2041 (base 5) to base 16.
-10f
Convert 48 (base 15) to base 12.
58
Convert 151 (base 9) to base 8.
177
Convert 24 (base 5) to base 13.
11
What is 2 (base 16) in base 9?
2
31 (base 4) to base 2
1101
What is 24 (base 16) in base 8?
44
What is 2 (base 10) in base 6?
2
What is 2 (base 4) in base 13?
2
-7 (base 11) to base 4
-13
What is -7e (base 16) in base 2?
-1111110
Convert -110 (base 2) to base 9.
-6
Convert 0 (base 2) to base 8.
0
What is -7 (base 15) in base 6?
-11
What is 20 (base 14) in base 12?
24
Convert 243 (base 5) to base 15.
4d
111 (base 8) to base 2
1001001
-40 (base 14) to base 9
-62
Convert 132 (base 6) to base 7.
110
Convert 1134 (base 5) to base 9.
207
What is -1 (base 11) in base 12?
-1
Convert 0 (base 5) to base 13.
0
-8b (base 13) to base 10
-115
-31 (base 8) to base 2
-11001
What is 7 (base 8) in base 4?
13
-37 (base 9) to base 14
-26
Convert 11111 (base 2) to base 7.
43
-146 (base 9) to base 16
-7b
Convert -3 (base 13) to base 7.
-3
Convert 110 (base 2) to base 11.
6
What is -101 (base 4) in base 9?
-18
Convert 120 (base 5) to base 8.
43
31 (base 7) to base 13
19
What is -426 (base 7) in base 10?
-216
-23 (base 15) to base 9
-36
31 (base 15) to base 11
42
What is b (base 13) in base 14?
b
What is -31 (base 9) in base 12?
-24
Convert -9 (base 15) to base 8.
-11
Convert 3 (base 11) to base 16.
3
-110 (base 2) to base 5
-11
Convert 21 (base 7) to base 5.
30
What is 0 (base 12) in base 2?
0
Convert -ed (base 15) to base 3.
-22021
What is -c4 (base 16) in base 4?
-3010
Convert 0 (base 14) to base 9.
0
-97 (base 12) to base 15
-7a
3 (base 13) to base 3
10
Convert -3 (base 7) to base 6.
-3
-35 (base 9) to base 10
-32
10 (base 2) to base 10
2
Convert 2313 (base 4) to base 16.
b7
2e (base 16) to base 4
232
What is -5 (base 15) in base 4?
-11
Convert 1 (base 16) to base 11.
1
What is 1b7 (base 12) in base 11?
238
What is 5 (base 13) in base 10?
5
Convert b (base 15) to base 11.
10
-123 (base 4) to base 6
-43
-6 (base 12) to base 7
-6
Convert 188 (base 12) to base 10.
248
Convert 17 (base 9) to base 8.
20
-11001 (base 2) to base 7
-34
What is -51 (base 6) in base 14?
-23
1 (base 16) to base 6
1
Convert -333 (base 6) to base 14.
-93
What is -422 (base 6) in base 16?
-9e
What is 3 (base 10) in base 8?
3
Convert 2b (base 16) to base 15.
2d
Convert -13 (base 5) to base 13.
-8
What is 203 (base 5) in base 14?
3b
What is 3 (base 15) in base 12?
3
What is -13 (base 5) in base 7?
-11
What is -bc (base 14) in base 15?
-b1
What is -2 (base 14) in base 2?
-10
What is 0 (base 5) in base 13?
0
What is -7 (base 12) in base 9?
-7
What is 81 (base 14) in base 4?
1301
Convert 14 (base 7) to base 13.
b
Convert 48 (base 14) to base 5.
224
What is 4 (base 8) in base 14?
4
Convert -7 (base 8) to base 5.
-12
4 (base 15) to base 8
4
Convert -2c (base 15) to base 2.
-101010
Convert 2 (base 14) to base 4.
2
What is -3 (base 4) in base 16?
-3
Convert 92 (base 11) to base 6.
245
-1 (base 2) to base 3
-1
Convert -33 (base 5) to base 12.
-16
-4 (base 6) to base 5
-4
Convert 0 (base 3) to base 5.
0
3 (base 10) to base 12
3
1 (base 6) to base 7
1
-1 (base 6) to base 8
-1
-10 (base 9) to base 8
-11
1000 (base 4) to base 12
54
Convert -11101011 (base 2) to base 12.
-177
What is -1e (base 16) in base 14?
-22
4 (base 9) to base 2
100
Convert 1112 (base 3) to base 8.
51
Convert 10 (base 4) to base 10.
4
What is 3122 (base 4) in base 9?
262
-112 (base 12) to base 3
-12212
What is 210 (base 4) in base 2?
100100
Convert 110 (base 2) to base 13.
6
-2012 (base 4) to base 9
-158
What is -4 (base 8) in base 2?
-100
17 (base 8) to base 5
30
70 (base 8) to base 12
48
Convert 142 (base 5) to base 16.
2f
8 (base 10) to base 13
8
Convert -40 (base 5) to base 15.
-15
What is -1101 (base 3) in base 12?
-31
-61 (base 9) to base 12
-47
2 (base 7) to base 16
2
Convert -2 (base 11) to base 8.
-2
-33 (base 4) to base 12
-13
17 (base 10) to base 13
14
4 (base 5) to base 16
4
What is 0 (base 2) in base 4?
0
13 (base 13) to base 16
10
Convert 10 (base 2) to base 14.
2
4 (base 8) to base 11
4
What is 2 (base 7) in base 16?
2
2 (base 4) to base 10
2
-6 (base 8) to base 16
-6
What is 18 (base 12) in base 4?
110
Convert -1a (base 16) to base 14.
-1c
Convert 4 (base 15) to base 16.
4
Convert 56 (base 13) to base 8.
107
Convert 40 (base 6) to base 12.
20
5 (base 10) to base 16
5
